Let u be o + (-7)/((-7)/4). Let z be 2/(-5) - (-24)/u. Determine j(z).
-8
Let k(t) be the second derivative of -7*t**3 + 233*t**2/2 + 486*t - 10. Determine k(6).
-19
Let h(v) = -3*v - 3. Let j be -119 - -108 - (-16)/1. Calculate h(j).
-18
Suppose 5*q - d - 90 = -0*q, 5*q + 5*d = 90. Let k be ((-7 - -1)/q)/((-1)/27). Let i(z) = z**2 - 12*z + 13. Determine i(k).
-14
Let t(s) = 9*s - 32. Let a(l) = -16*l + 64. Let q(g) = -3*a(g) - 5*t(g). What is q(14)?
10
Let t(g) = g**3 - 6*g**2 - 7*g + 6. Let r(m) = m**2 - 6*m - 5. Let o be r(7). Let c(s) = 2*s**2 + 7*s + 6. Let w be c(-1). Let z be (7/o)/(w/2). Determine t(z).
6
Let g(b) = -1. Let l(u) = 33*u + 7. Let a(c) = 2*g(c) + l(c). What is a(1)?
38
Let w(b) = -3*b + 10. Suppose -21*d + 108 + 102 = 0. Suppose d - 26 = -4*p. Determine w(p).
-2
Let f(u) = -12*u + 53. Let t = -15511 - -15516. Determine f(t).
-7
Let k(c) = -19 + 46*c - 12 - 48*c + 37 - 18. Suppose -3*o = 2*o + 65. Let m = o - -5. What is k(m)?
4
Let q be ((-9)/((-18)/10) - 7)/(1/(-5)). Let p(t) = -3*t**2 + 29*t - 6. What is p(q)?
-16
Let p = -2125 + 2122. Let n(x) = -2*x**3 - 7*x**2 + 2*x + 4. Determine n(p).
-11
Let s(k) = -4*k**3 + 5*k**2 - k - 4. Let m be (-35)/5 - (-3 - -1). Let h(x) = x**3. Let t(o) = m*h(o) - s(o). Let f be (-4)/4*(6 + -1). Give t(f).
-1
Suppose 4*m + 13 = -7. Let x(t) = -1999*t - 1993*t - 2051*t + 6044*t + 2*t**2. Determine x(m).
45
Let s = 493590 + -493589. Let r(n) = -n - 7*n + 2 - 1. Calculate r(s).
-7
Let a(v) = -156*v - 36 + 77*v + 22 - 77 + 93*v. Calculate a(6).
-7
Let z(o) = o**3 + o**2 - 2. Let a(l) = 272*l - 542. Let h be a(2). What is z(h)?
10
Let d(m) be the first derivative of m**3 + 2*m + 0*m**3 + 174 - 204 - 3*m**3 + m**2. What is d(2)?
-18
Let d(s) = 4*s - 38. Let f be (-495)/(-198)*(2 - 0). What is d(f)?
-18
Let p = -2840 + 2834. Let f(g) = g**2 + 5*g - 10. Give f(p).
-4
Let y(l) = -l - 7. Let a = -558 + 548. Let r be y(a). Let u(q) be the third derivative of q**6/120 - q**5/15 + q**4/8 + q**3/6 - q**2. Calculate u(r).
1
Let d(m) be the first derivative of -m**4/4 - 5*m**3/3 + 4*m**2 + m - 140119. Let l be (-64)/10 - (-4)/10. Calculate d(l).
-11
Let m(w) be the first derivative of 3*w + 3/2*w**2 + 132 + 10/3*w**3. Determine m(-2).
37
Suppose 2*p + 4 = p. Let a = p + 60. Let o(u) = -4*u**3 + a*u**2 - 54*u**2 + 5*u**3 - u. Determine o(1).
2
Let s(p) = -p**2 - 4*p + 54. Let g(h) = 256*h - 2826. Let a be g(11). What is s(a)?
-6
Let t(d) = 4*d**3 - 5*d**2 - 19*d - 153. Let p(v) = v**3 - v - 63. Let u(y) = 3*p(y) - t(y). Determine u(6).
24
Let h(q) be the second derivative of -q**7/2520 + 13*q**6/720 + q**5/8 - 109*q**4/12 - q - 17. Let m(u) be the third derivative of h(u). What is m(14)?
1
Let i(p) be the third derivative of p**5/30 + 3*p**4/4 + p**3 + 268*p**2 + 1. Calculate i(-8).
-10
Let y(t) = t. Let r(d) = d**2 + 4*d - 209. Let h(o) = -r(o) + 2*y(o). What is h(13)?
14
Let b(y) = -3*y**2 + y - 2. Let h(c) = c**3 + 43*c**2 + 189*c - 31. Let u be h(-38). Suppose 10*a - 27 + u = 0. Determine b(a).
-12
Let h(d) = -d + 22. Suppose 0 = -n - 0*n. Suppose n = b - 2 + 4. Let q be (-6)/9 - b/3. Determine h(q).
22
Let b(f) be the third derivative of f**6/120 + 11*f**5/60 - 17*f**4/24 - 19*f**3/3 + 55*f**2 - 3*f + 3. Give b(-12).
22
Let j be 4 - ((-4)/30 - (-3844)/930). Let r(w) be the second derivative of 1/2*w**4 + 1/3*w**3 + j - 2*w**2 + 1/20*w**5 - 6*w. Determine r(-5).
11
Let c(g) be the second derivative of -2 + 2/3*g**3 + 15*g - 1/12*g**4 + 7/2*g**2. What is c(6)?
-5
Suppose -2*c = 5*d + 3*c - 25, -1 = -c. Let x be 2*(3 - 1) - -2. Let p(k) = x*k + 0*k - k**2 - d*k + 5*k. Determine p(5).
10
Suppose -8*w + 237 = -51. Let z(n) = -11*n - w + n**2 - 6*n + 12. Determine z(18).
-6
Suppose -6*a = -9*a + 51. Suppose -4*i + 4*z - 8 = 0, 3*z = 4*i + a - 14. Let b(c) = 5*c - c + 0*c - c**2. Give b(i).
3
Let m(f) = -f - 4. Suppose -4*b = -2*j + 60, 2*b = -4*j + 2 - 22. Let l = -4722 - -4730. Let o = l + b. What is m(o)?
2
Let t(y) = -4*y**2 + 17*y - 12. Let v(w) = -w**2 + 3*w. Let u(s) = t(s) - 3*v(s). Suppose 0 = 4*b + 604 - 624. Give u(b).
3
Let f(o) = -14*o - 29. Let n(u) = -5*u - 10. Let z(j) = -6*f(j) + 17*n(j). Suppose -14*h - 30 = -114. Calculate z(h).
-2
Let b = 790 + -497. Let p = b - 285. Let i(w) = -w**3 + 7*w**2 + 7*w + 5. What is i(p)?
-3
Let d(g) = g**3 + 5*g**2 - 2*g - 6. Suppose 18 = 4*w - 14. Suppose -2*q = 2*q - 4*l + w, 0 = 3*l - 12. Suppose -q*i - 3*i = 25. Give d(i).
4
Let w(o) = -18*o + 111. Let c(k) = -2*k + 15. Let y(p) = -6*c(p) + w(p). Calculate y(7).
-21
Let k(z) = -2*z - 3. Let o(p) = -p - 1. Let j(n) = -3*k(n) + 5*o(n). Suppose -5*q - 5 = 4*g, -11 = 3*q - 2*g + 6*g. Calculate j(q).
7
Let a(o) = -o. Let x be 12*2*(-2)/8. Let l be a(x). Let t(m) be the second derivative of m**3/6 - m**2 + 154*m + 1. Calculate t(l).
4
Let r(n) = -18*n**2 + 78*n - 28. Let m be r(4). Let h(w) = w**2 + 3*w + 4. Let b(a) = a**2 + 3*a + 3. Let k(x) = -4*b(x) + 3*h(x). What is k(m)?
-4
Let h(d) = -10 + 345*d - 343*d + 0 + 0. Suppose 4*o + 14 = 2*o. Calculate h(o).
-24
Let x(q) = -q**3 - 37*q**2 - 37*q - 88. Suppose -2254*p = -2193*p + 1984 + 212. Give x(p).
-52
Let p be 13/(-5) + (-2)/5. Let g be p/(-2) - (-1)/2. Let h(c) = -1 + 6980*c - 2328*c - 2332*c - 2322*c. Calculate h(g).
-5
Let m(l) = -3571 + 1186 + 1184 - 22*l + 1198. Give m(1).
-25
Suppose -4*t + 2*a - 376 = 0, 2*t - 4*a - 76 = 3*t. Let p = 7344 - 7430. Let l = p - t. Let y(d) = d**2 - 5*d + 6. Calculate y(l).
12
Suppose 2*x = 2*j + 4205 - 4201, 3*j - 9 = 0. Let a(b) = 2*b**2 - 2*b - 2. Calculate a(x).
38
Let j(d) = 13*d**2 - 4*d + 19. Let l be j(3). Let q = l - 125. Let y(g) = -4*g + 8*g - 1 + 4*g. Determine y(q).
-9
Let k(g) = 14*g**3 + 24*g**2 - 13*g + 6. Let j(n) = 11*n**3 + 23*n**2 - 14*n + 7. Let y(a) = -5*j(a) + 4*k(a). What is y(18)?
-11
Let c be -3 - 45/(0 + -3). Suppose 4*z + c = -3*p, p + 8 = 3*p. Let r(a) be the third derivative of a**4/12 + 7*a**3/6 - 32*a**2 + 1. Calculate r(z).
-5
Let r(t) = -2*t**3 + 2*t**2 - 2*t - 3. Suppose -22*p - 10 = -24*p. Let b(a) = a**2 + a**2 + 2*a**2 - p*a**2. Let x(q) = 5*b(q) + r(q). Calculate x(-2).
5
Let j(g) = -6*g - 22. Let p be j(6). Let b = p - -60. Let f(a) = 0*a**2 + 0 + 2*a**2 + b*a**2 + 1. Determine f(1).
5
Let g(u) = 0*u - 2*u**2 + 12*u**2 - u - 12*u**2 + 9. Suppose -10*w + 49 - 79 = 0. Determine g(w).
-6
Let o(p) = -p**2 + 5*p - 2. Let r be o(3). Let u(j) = 19 + 13 + 0*j + 3*j - 40 + j. Determine u(r).
8
Let i(r) = -4*r**3 - 5*r**2 - 3*r - 5. Let w(a) = 51*a**2 - 87*a**2 + 47*a**2 + 7*a**3 + 10 + 8*a. Let y(x) = 5*i(x) + 3*w(x). Give y(-7).
-9
Let d = -695 - -721. Suppose 13 = 2*q + 4*c - 13, 2*q = -3*c + d. Let z(m) = m**3 - 12*m**2 - 16*m + 15. What is z(q)?
-24
Let h(l) = l**2 + 2*l - 5. Let f(v) = -v**2 - 3*v + 6. Let c(p) = -3*f(p) - 4*h(p). Suppose 7*m + m = 0. Let u be 2*1*(-3 - (m + -4)). Calculate c(u).
0
Suppose -5*s + o = 57, 2*s - 2*o = 113 - 139. Let l(h) = -h**2 - 7*h + 23. Give l(s).
-21
Let n(w) = w**2 + 28*w - 14*w - 11*w - 1. Suppose -2*p - q = -20, -2*q + 64 = 4*p - 6*q. Let t = -14 + p. What is n(t)?
-3
Let a(x) = -x**3 - 9*x**2 - 2*x - 19. Let m be (82/(-10) - 1) + 6/30. Determine a(m).
-1
Let z(y) = -2 + 14*y - 7*y - 5*y**2 + 4*y. Let g be 4 + ((-2)/9 - (-420)/(-54)). Let r(x) = -x**2 + x + 1. Let l(s) = g*r(s) + z(s). What is l(4)?
6
Let d = 34 - 33. Let h be (0 - d)*10/5. Let x(y) = 3*y**2 + 0 + 3 - y + y + 2*y. Determine x(h).
11
Let o(g) be the third derivative of g**5/30 - g**4/8 + g**3/2 - 2*g**2. Let i(u) = u - 4. Let w be i(8). Suppose z - 2*m - 1 = -3, -w*m + 12 = 2*z. Give o(z).
5
Let b be ((-6)/(-3) + 49/(-14))*-90. Let d = b + -139. Let g(t) = 3*t + 2 + 0 - 1. Calculate g(d).
-11
Suppose 0 = -10*p + 13*p + 15, -p = 2*b - 49. Suppose -53 = -b*j + 1. Let r(g) = g**3 - 3*g**2 + 3*g - 1. Calculate r(j).
1
Suppose -128*p - 33*p - 65*p = -678. Let j(z) be the first derivative of z**3/3 + 3*z**2/2 - 12*z - 5. Determine j(p).
6
Let u(j) be the first derivative of -j**4/4 - j**3/3 - j**2/2 + j - 100. Let s be (9/15 + 126/(-60))*2. Give u(s).
22
Let x(q) = -91*q + 46*q + 46*q + 331*q**2 + 3 - 310*q**2. Determine x(-1).
23
Suppose 45*k + 41 = 49*k + 3*n, 2*n + 26 = 4*k. Let h(d) = d**3 - 9*d**2 + 10*d - 3. Determine h(k).
13
Let x be 30/10 + 3 + -8. Let p(q) = -18*q + 10. 